e first derivative of -5*j**2/2 + 7*j - 30. Let k be b(-1). Calculate the greatest common divisor of a and k.
12
Let i be (23/4 - -3) + 3/12. Let g = 4 + i. What is the highest common factor of g and 1?
1
Suppose -3887 = -5*x + 2*m, -38 = -x - 4*m + 757. What is the highest common divisor of 41 and x?
41
Suppose -44*t = -211*t + 15030. What is the highest common factor of t and 236?
2
Suppose 21*k + 106081 - 136783 = 0. What is the greatest common divisor of 1075 and k?
43
Let q be (1 + (-45)/6)*(-16 + 2). Let g be ((-26)/(-6))/(4/24). Calculate the highest common divisor of g and q.
13
Let l be -8 + -1 - -6 - -627. Suppose -13*y + l = -884. What is the greatest common divisor of y and 2204?
116
Suppose 2*i = -o + 8358 + 10145, -21*i - o = -194291. Calculate the highest common factor of i and 36.
36
Suppose 0 = -123*g - 781068 + 1916112. What is the greatest common factor of g and 24?
12
Let p be (-2184)/(-455)*150/8. Calculate the highest common factor of 300 and p.
30
Let l = 94 + -88. Let b(t) = -9*t - 42. Let j(a) = -18*a - 84. Let n(g) = l*j(g) - 11*b(g). Let v be n(-5). Calculate the highest common divisor of v and 3.
3
Suppose -9*g - 2184 = 2*g - 89*g. Calculate the greatest common factor of 1211 and g.
7
Suppose 4*a + 2*y - 1693 = -411, 4*y = 4. What is the greatest common divisor of 410 and a?
10
Let n be 77/(-22) + 2 + 503/2. Let s = n + -125. Calculate the highest common divisor of 50 and s.
25
Suppose 3*y = 216 - 228, 310 = 2*a + 4*y. Calculate the highest common divisor of a and 5053.
163
Let f(u) = 8*u**2 - 8*u + 2. Let z be f(-4). Let c = z + -17. Let q = c - 101. Calculate the highest common divisor of q and 22.
22
Let b = -329 - -929. Suppose b = -33*r + 48*r. What is the highest common divisor of 320 and r?
40
Let k be (-1 - -3) + 1*70. Suppose 3*s - k = -s. Suppose 13*c + 78*c - 7434 = -86*c. What is the highest common divisor of s and c?
6
Let j = -2387 + 6178. What is the greatest common divisor of j and 51?
17
Let a(j) = 25*j + 112. Let n be a(-18). Let b = 354 + n. What is the greatest common factor of b and 22?
2
Let k(w) = -664*w - 27681. Let h be k(-42). Suppose -15 = -v + 8. Calculate the greatest common divisor of h and v.
23
Let u = 3865 - 1005. What is the greatest common divisor of 55 and u?
55
Let p be (5 - 66/18)*(-30)/(-4). What is the highest common factor of 584 and p?
2
Let s be (-6)/48*2 - -3651*2/24. Calculate the greatest common factor of s and 45600.
304
Let f(q) = -253*q - 3833. Let w be f(-32). Calculate the greatest common factor of 522 and w.
87
Suppose -r + 0*r - 89 = -2*k, -5 = -5*k. Let b = r + 47. Let u be 6/(-9) - b/15. Calculate the highest common divisor of 4 and u.
2
Let r be (1/(-1))/(28/(-644)). Suppose 0 = 4*v + 3*s - 80, 0 = -5*s - 0 - 20. What is the highest common factor of r and v?
23
Let f be (-11 - (-19)/2)/(-3*4/216). Calculate the greatest common divisor of 351 and f.
27
Let x = 2808 + -2696. Calculate the highest common divisor of x and 322.
14
Let s = -2724 - -2736. Suppose l - 228 = -0*l. What is the greatest common divisor of s and l?
12
Let k be (-212)/(-5) - 8/20. Let y = -22 - 6. Let b = y - -42. Calculate the highest common divisor of b and k.
14
Let z(q) = -10*q - 44. Let m be z(7). Let x = 134 + m. What is the highest common factor of 60 and x?
20
Suppose 3*o - 5*t - 13 - 206 = 0, 0 = -3*o + 3*t + 207. What is the highest common factor of 12033 and o?
63
Suppose 94*z = -37*z + 112005. Calculate the greatest common divisor of z and 1215.
45
Let q = 796 + -783. Suppose 2*y - 34 = -5*v, -5*y - v = -q - 49. What is the greatest common factor of 852 and y?
12
Let l = 6 + -8. Let v = -24 + 38. Let b be -3 - ((-102)/v - l/7). What is the highest common divisor of 32 and b?
4
Suppose 0 = 4*f - k - 58, 9*k + 24 = f + 4*k. Let v(b) = 83*b - 3. Let q be v(11). Suppose 4*a + a - q = 0. What is the greatest common divisor of a and f?
14
Let j be -772*-5*(-5)/50*-4. What is the highest common divisor of j and 72?
8
Suppose 0 = 4*q + 5*r - 4*r - 128, -13 = -q - 5*r. Suppose q*p - 28 = 37*p. Let a = p - -10. What is the highest common factor of a and 9?
3
Suppose 0 = 461*q - 29112 - 5924. What is the greatest common factor of q and 9310?
38
Let r be 270/(-80)*4 + 2/(-4). Let z be r/21 - (-560)/30. Calculate the greatest common factor of 9 and z.
9
Let t(r) = r**2 - 286*r + 3074. Let f be t(11). What is the greatest common factor of 1960 and f?
49
Suppose 209*n - 317220 = 141*n. What is the greatest common factor of 30 and n?
15
Let v(o) = -5*o + 48. Let m be v(-13). Suppose 3*z + 0*k = -2*k + m, -16 = -4*k. Calculate the highest common divisor of 20 and z.
5
Let r = -52 + 59. Suppose -4*w = -9 - r. Suppose w*t - 5*t + 90 = n, 5*t + 96 = n. Calculate the greatest common divisor of 13 and n.
13
Let d be ((-12)/28)/((-19)/3192). Suppose 11 = 5*x - 14. Suppose 0 = x*i - 0*i - 90. What is the greatest common divisor of i and d?
18
Suppose -m - 24 = -7*m. Suppose -3*n + h - 2*h = -65, -m*h = -3*n + 55. Calculate the greatest common factor of 217 and n.
7
Let k be 2 + (-3 + 2 - -1). Suppose 48*a - 28*a = -25400. Let d = a - -1320. Calculate the highest common factor of d and k.
2
Let h be (-18)/(-24) - ((-3)/(-4) - 1). Suppose 0*s + 8 = 4*s. Suppose -5*g + s = -4*g. Calculate the highest common divisor of g and h.
1
Let z be 428/6 - 4/(-6). Let d be 6/4 + -1 + (-171)/114. Let c be 2 + (6 - -1) + d. Calculate the highest common factor of z and c.
8
Suppose h - 3*w = -5, 3*h + 0*h - 4*w - 10 = 0. Let p be (1 + h)/(42/18 + -2). What is the highest common factor of 55 and p?
11
Let d(b) = -261*b - 19305. Let t be d(-74). Let y = 4 - 3. Let k = 10 - y. Calculate the highest common divisor of t and k.
9
Let v(t) = -2*t + 32. Let l be v(14). Suppose -12 = -l*u + 2*u - 2*x, -5*x = -2*u + 26. Suppose 4*h - 4 - 12 = 0. What is the greatest common factor of u and h?
4
Suppose -2*h - 3621 = 2*h - 3705. What is the greatest common factor of h and 1470?
21
Let m = 109 + -103. Suppose 534 = m*i - 264. Suppose -131 = -8*x + i. What is the highest common factor of x and 11?
11
Suppose 0 = 2*y - 5*x - 88, 3*y + 4*x - 87 = 22. Suppose 0 = 40*f - y*f - 3. What is the highest common divisor of f and 15?
3
Let f = 895 - 874. What is the highest common divisor of 3507 and f?
21
Suppose -29952 = -31*y - 41*y. Calculate the highest common divisor of 40 and y.
8
Let v(g) = -g**2 + 9*g - 3. Let t = 3 + 3. Let m be v(t). Let k(i) = -2429*i - 12070. Let d be k(-5). What is the greatest common factor of d and m?
15
Suppose -2*s - 2*t + 74 = 0, -3*s + t = -t - 146. What is the highest common factor of s and 9504?
44
Let u(x) = -7*x + 1084. Let h be u(116). What is the greatest common divisor of 4012 and h?
68
Suppose -21*j - 174 = -69. Let v be (-14 + 1 - j) + 89. Calculate the highest common divisor of 27 and v.
27
Let m be 141/(-21) - 1 - (-72)/(-252). Let r be 40/30*(-6)/m + 224. Calculate the highest common factor of 9 and r.
9
Let x(c) = -c**3 + 4*c**2 + 48*c - 17. Let s be x(9). Calculate the greatest common divisor of 1505 and s.
5
Suppose -128 = 5*i + 1017. Let o = -114 - i. What is the highest common divisor of o and 46?
23
Suppose 590 = 6*d - 166. Calculate the greatest common divisor of 154 and d.
14
Let z be 21/(-42) + 1157/2. Calculate the greatest common factor of z and 408.
34
Let q(m) = 3*m**2 + 5*m - 12. Let w(x) = -4*x**2 - 6*x + 11. Let z(y) = -3*q(y) - 2*w(y). Let f be z(0). What is the greatest common divisor of f and 49?
7
Suppose 3*f = 4*l - 29748, 6442 = -4*l + f + 36190. What is the greatest common factor of l and 201?
201
Let r(z) = 11*z + 59. Let q be r(-12). Let m = 433 + q. What is the greatest common factor of 24 and m?
24
Suppose -6*c + 4*c + 8582 = 0. Suppose -31*u = -24*u + c. Let s = -426 - u. Calculate the highest common divisor of 17 and s.
17
Suppose 12019*a = 12016*a + 75. Calculate the highest common factor of 1095 and a.
5
Suppose 0*c + 138 = -2*c. Let s = -57 - c. Suppose -o - w = w - s, 4*w + 56 = 2*o. What is the greatest common divisor of 25 and o?
5
Let w(k) = k**2 + 13*k - 138. Let x be w(-24). Calculate the highest common factor of x and 273.
21
Let v = -65 - -114. Suppose 0*h - 5*g + v = 3*h, 0 = 2*h - 4*g + 4. Suppose l - 22 = -5*u - 0*l, -4*l = -4*u + h. What is the hig